{"id":40587,"date":"2026-02-11T11:19:01","date_gmt":"2026-02-11T10:19:01","guid":{"rendered":"https:\/\/www.imagesante.be\/?post_type=evenement&#038;p=40587"},"modified":"2026-02-11T11:36:34","modified_gmt":"2026-02-11T10:36:34","slug":"soiree-cycle","status":"publish","type":"evenement","link":"https:\/\/www.imagesante.be\/fr\/evenement\/soiree-cycle\/","title":{"rendered":"Soir\u00e9e Cycle"},"excerpt":{"rendered":"","protected":false},"featured_media":40590,"template":"","meta":{"_acf_changed":false,"_et_pb_use_builder":"","_et_pb_old_content":"","_et_gb_content_width":"","_lmt_disableupdate":"no","_lmt_disable":"","_monsterinsights_skip_tracking":false,"_monsterinsights_sitenote_active":false,"_monsterinsights_sitenote_note":"","_monsterinsights_sitenote_category":0,"_wp_rev_ctl_limit":""},"categories":[237],"class_list":["post-40587","evenement","type-evenement","status-publish","has-post-thumbnail","hentry","category-evenements-2025"],"acf":[],"yoast_head":"<!-- This site is optimized with the Yoast SEO plugin v25.0 - https:\/\/yoast.com\/wordpress\/plugins\/seo\/ -->\n<title>Soir\u00e9e Cycle - Festival Imag\u00e9sant\u00e9<\/title>\n<meta name=\"robots\" content=\"index, follow, max-snippet:-1, max-image-preview:large, max-video-preview:-1\" \/>\n<link rel=\"canonical\" href=\"https:\/\/www.imagesante.be\/fr\/evenement\/soiree-cycle\/\" \/>\n<meta property=\"og:locale\" content=\"fr_FR\" \/>\n<meta property=\"og:type\" content=\"article\" \/>\n<meta property=\"og:title\" content=\"Soir\u00e9e Cycle - Festival Imag\u00e9sant\u00e9\" \/>\n<meta property=\"og:url\" content=\"https:\/\/www.imagesante.be\/fr\/evenement\/soiree-cycle\/\" \/>\n<meta property=\"og:site_name\" content=\"Festival Imag\u00e9sant\u00e9\" \/>\n<meta property=\"article:modified_time\" content=\"2026-02-11T10:36:34+00:00\" \/>\n<meta property=\"og:image\" content=\"https:\/\/www.imagesante.be\/wp-content\/uploads\/2026\/02\/Muganga.jpg\" \/>\n\t<meta property=\"og:image:width\" content=\"1000\" \/>\n\t<meta property=\"og:image:height\" content=\"1362\" \/>\n\t<meta property=\"og:image:type\" content=\"image\/jpeg\" \/>\n<meta name=\"twitter:card\" content=\"summary_large_image\" \/>\n<script type=\"application\/ld+json\" class=\"yoast-schema-graph\">{\"@context\":\"https:\/\/schema.org\",\"@graph\":[{\"@type\":\"WebPage\",\"@id\":\"https:\/\/www.imagesante.be\/fr\/evenement\/soiree-cycle\/\",\"url\":\"https:\/\/www.imagesante.be\/fr\/evenement\/soiree-cycle\/\",\"name\":\"Soir\u00e9e Cycle - Festival Imag\u00e9sant\u00e9\",\"isPartOf\":{\"@id\":\"https:\/\/www.imagesante.be\/fr\/#website\"},\"primaryImageOfPage\":{\"@id\":\"https:\/\/www.imagesante.be\/fr\/evenement\/soiree-cycle\/#primaryimage\"},\"image\":{\"@id\":\"https:\/\/www.imagesante.be\/fr\/evenement\/soiree-cycle\/#primaryimage\"},\"thumbnailUrl\":\"https:\/\/www.imagesante.be\/wp-content\/uploads\/2026\/02\/Muganga.jpg\",\"datePublished\":\"2026-02-11T10:19:01+00:00\",\"dateModified\":\"2026-02-11T10:36:34+00:00\",\"breadcrumb\":{\"@id\":\"https:\/\/www.imagesante.be\/fr\/evenement\/soiree-cycle\/#breadcrumb\"},\"inLanguage\":\"fr-FR\",\"potentialAction\":[{\"@type\":\"ReadAction\",\"target\":[\"https:\/\/www.imagesante.be\/fr\/evenement\/soiree-cycle\/\"]}]},{\"@type\":\"ImageObject\",\"inLanguage\":\"fr-FR\",\"@id\":\"https:\/\/www.imagesante.be\/fr\/evenement\/soiree-cycle\/#primaryimage\",\"url\":\"https:\/\/www.imagesante.be\/wp-content\/uploads\/2026\/02\/Muganga.jpg\",\"contentUrl\":\"https:\/\/www.imagesante.be\/wp-content\/uploads\/2026\/02\/Muganga.jpg\",\"width\":1000,\"height\":1362},{\"@type\":\"BreadcrumbList\",\"@id\":\"https:\/\/www.imagesante.be\/fr\/evenement\/soiree-cycle\/#breadcrumb\",\"itemListElement\":[{\"@type\":\"ListItem\",\"position\":1,\"name\":\"Accueil\",\"item\":\"https:\/\/www.imagesante.be\/fr\/\"},{\"@type\":\"ListItem\",\"position\":2,\"name\":\"Soir\u00e9e Cycle\"}]},{\"@type\":\"WebSite\",\"@id\":\"https:\/\/www.imagesante.be\/fr\/#website\",\"url\":\"https:\/\/www.imagesante.be\/fr\/\",\"name\":\"Festival Imag\u00e9sant\u00e9\",\"description\":\"\",\"publisher\":{\"@id\":\"https:\/\/www.imagesante.be\/fr\/#organization\"},\"potentialAction\":[{\"@type\":\"SearchAction\",\"target\":{\"@type\":\"EntryPoint\",\"urlTemplate\":\"https:\/\/www.imagesante.be\/fr\/?s={search_term_string}\"},\"query-input\":{\"@type\":\"PropertyValueSpecification\",\"valueRequired\":true,\"valueName\":\"search_term_string\"}}],\"inLanguage\":\"fr-FR\"},{\"@type\":\"Organization\",\"@id\":\"https:\/\/www.imagesante.be\/fr\/#organization\",\"name\":\"Imag\u00e9Sant\u00e9\",\"url\":\"https:\/\/www.imagesante.be\/fr\/\",\"logo\":{\"@type\":\"ImageObject\",\"inLanguage\":\"fr-FR\",\"@id\":\"https:\/\/www.imagesante.be\/fr\/#\/schema\/logo\/image\/\",\"url\":\"https:\/\/www.imagesante.be\/wp-content\/uploads\/2019\/06\/Festival-positif-carre.jpg\",\"contentUrl\":\"https:\/\/www.imagesante.be\/wp-content\/uploads\/2019\/06\/Festival-positif-carre.jpg\",\"width\":498,\"height\":498,\"caption\":\"Imag\u00e9Sant\u00e9\"},\"image\":{\"@id\":\"https:\/\/www.imagesante.be\/fr\/#\/schema\/logo\/image\/\"}}]}<\/script>\n<!-- \/ Yoast SEO plugin. -->","yoast_head_json":{"title":"Soir\u00e9e Cycle - Festival Imag\u00e9sant\u00e9","robots":{"index":"index","follow":"follow","max-snippet":"max-snippet:-1","max-image-preview":"max-image-preview:large","max-video-preview":"max-video-preview:-1"},"canonical":"https:\/\/www.imagesante.be\/fr\/evenement\/soiree-cycle\/","og_locale":"fr_FR","og_type":"article","og_title":"Soir\u00e9e Cycle - Festival Imag\u00e9sant\u00e9","og_url":"https:\/\/www.imagesante.be\/fr\/evenement\/soiree-cycle\/","og_site_name":"Festival Imag\u00e9sant\u00e9","article_modified_time":"2026-02-11T10:36:34+00:00","og_image":[{"width":1000,"height":1362,"url":"https:\/\/www.imagesante.be\/wp-content\/uploads\/2026\/02\/Muganga.jpg","type":"image\/jpeg"}],"twitter_card":"summary_large_image","schema":{"@context":"https:\/\/schema.org","@graph":[{"@type":"WebPage","@id":"https:\/\/www.imagesante.be\/fr\/evenement\/soiree-cycle\/","url":"https:\/\/www.imagesante.be\/fr\/evenement\/soiree-cycle\/","name":"Soir\u00e9e Cycle - Festival Imag\u00e9sant\u00e9","isPartOf":{"@id":"https:\/\/www.imagesante.be\/fr\/#website"},"primaryImageOfPage":{"@id":"https:\/\/www.imagesante.be\/fr\/evenement\/soiree-cycle\/#primaryimage"},"image":{"@id":"https:\/\/www.imagesante.be\/fr\/evenement\/soiree-cycle\/#primaryimage"},"thumbnailUrl":"https:\/\/www.imagesante.be\/wp-content\/uploads\/2026\/02\/Muganga.jpg","datePublished":"2026-02-11T10:19:01+00:00","dateModified":"2026-02-11T10:36:34+00:00","breadcrumb":{"@id":"https:\/\/www.imagesante.be\/fr\/evenement\/soiree-cycle\/#breadcrumb"},"inLanguage":"fr-FR","potentialAction":[{"@type":"ReadAction","target":["https:\/\/www.imagesante.be\/fr\/evenement\/soiree-cycle\/"]}]},{"@type":"ImageObject","inLanguage":"fr-FR","@id":"https:\/\/www.imagesante.be\/fr\/evenement\/soiree-cycle\/#primaryimage","url":"https:\/\/www.imagesante.be\/wp-content\/uploads\/2026\/02\/Muganga.jpg","contentUrl":"https:\/\/www.imagesante.be\/wp-content\/uploads\/2026\/02\/Muganga.jpg","width":1000,"height":1362},{"@type":"BreadcrumbList","@id":"https:\/\/www.imagesante.be\/fr\/evenement\/soiree-cycle\/#breadcrumb","itemListElement":[{"@type":"ListItem","position":1,"name":"Accueil","item":"https:\/\/www.imagesante.be\/fr\/"},{"@type":"ListItem","position":2,"name":"Soir\u00e9e Cycle"}]},{"@type":"WebSite","@id":"https:\/\/www.imagesante.be\/fr\/#website","url":"https:\/\/www.imagesante.be\/fr\/","name":"Festival Imag\u00e9sant\u00e9","description":"","publisher":{"@id":"https:\/\/www.imagesante.be\/fr\/#organization"},"potentialAction":[{"@type":"SearchAction","target":{"@type":"EntryPoint","urlTemplate":"https:\/\/www.imagesante.be\/fr\/?s={search_term_string}"},"query-input":{"@type":"PropertyValueSpecification","valueRequired":true,"valueName":"search_term_string"}}],"inLanguage":"fr-FR"},{"@type":"Organization","@id":"https:\/\/www.imagesante.be\/fr\/#organization","name":"Imag\u00e9Sant\u00e9","url":"https:\/\/www.imagesante.be\/fr\/","logo":{"@type":"ImageObject","inLanguage":"fr-FR","@id":"https:\/\/www.imagesante.be\/fr\/#\/schema\/logo\/image\/","url":"https:\/\/www.imagesante.be\/wp-content\/uploads\/2019\/06\/Festival-positif-carre.jpg","contentUrl":"https:\/\/www.imagesante.be\/wp-content\/uploads\/2019\/06\/Festival-positif-carre.jpg","width":498,"height":498,"caption":"Imag\u00e9Sant\u00e9"},"image":{"@id":"https:\/\/www.imagesante.be\/fr\/#\/schema\/logo\/image\/"}}]}},"_links":{"self":[{"href":"https:\/\/www.imagesante.be\/fr\/wp-json\/wp\/v2\/evenement\/40587","targetHints":{"allow":["GET"]}}],"collection":[{"href":"https:\/\/www.imagesante.be\/fr\/wp-json\/wp\/v2\/evenement"}],"about":[{"href":"https:\/\/www.imagesante.be\/fr\/wp-json\/wp\/v2\/types\/evenement"}],"version-history":[{"count":1,"href":"https:\/\/www.imagesante.be\/fr\/wp-json\/wp\/v2\/evenement\/40587\/revisions"}],"predecessor-version":[{"id":40592,"href":"https:\/\/www.imagesante.be\/fr\/wp-json\/wp\/v2\/evenement\/40587\/revisions\/40592"}],"wp:featuredmedia":[{"embeddable":true,"href":"https:\/\/www.imagesante.be\/fr\/wp-json\/wp\/v2\/media\/40590"}],"wp:attachment":[{"href":"https:\/\/www.imagesante.be\/fr\/wp-json\/wp\/v2\/media?parent=40587"}],"wp:term":[{"taxonomy":"category","embeddable":true,"href":"https:\/\/www.imagesante.be\/fr\/wp-json\/wp\/v2\/categories?post=40587"}],"curies":[{"name":"wp","href":"https:\/\/api.w.org\/{rel}","templated":true}]}}

Soirée Cycle

<!-- This site is optimized with the Yoast SEO plugin v25.0 - https://yoast.com/wordpress/plugins/seo/ -->
<title>Soirée Cycle - Festival Imagésanté</title>
<meta name="robots" content="index, follow, max-snippet:-1, max-image-preview:large, max-video-preview:-1" />
<link rel="canonical" href="https://www.imagesante.be/fr/evenement/soiree-cycle/" />
<meta property="og:locale" content="fr_FR" />
<meta property="og:type" content="article" />
<meta property="og:title" content="Soirée Cycle - Festival Imagésanté" />
<meta property="og:url" content="https://www.imagesante.be/fr/evenement/soiree-cycle/" />
<meta property="og:site_name" content="Festival Imagésanté" />
<meta property="article:modified_time" content="2026-02-11T10:36:34+00:00" />
<meta property="og:image" content="https://www.imagesante.be/wp-content/uploads/2026/02/Muganga.jpg" />
	<meta property="og:image:width" content="1000" />
	<meta property="og:image:height" content="1362" />
	<meta property="og:image:type" content="image/jpeg" />
<meta name="twitter:card" content="summary_large_image" />
<script type="application/ld+json" class="yoast-schema-graph">{"@context":"https://schema.org","@graph":[{"@type":"WebPage","@id":"https://www.imagesante.be/fr/evenement/soiree-cycle/","url":"https://www.imagesante.be/fr/evenement/soiree-cycle/","name":"Soirée Cycle - Festival Imagésanté","isPartOf":{"@id":"https://www.imagesante.be/fr/#website"},"primaryImageOfPage":{"@id":"https://www.imagesante.be/fr/evenement/soiree-cycle/#primaryimage"},"image":{"@id":"https://www.imagesante.be/fr/evenement/soiree-cycle/#primaryimage"},"thumbnailUrl":"https://www.imagesante.be/wp-content/uploads/2026/02/Muganga.jpg","datePublished":"2026-02-11T10:19:01+00:00","dateModified":"2026-02-11T10:36:34+00:00","breadcrumb":{"@id":"https://www.imagesante.be/fr/evenement/soiree-cycle/#breadcrumb"},"inLanguage":"fr-FR","potentialAction":[{"@type":"ReadAction","target":["https://www.imagesante.be/fr/evenement/soiree-cycle/"]}]},{"@type":"ImageObject","inLanguage":"fr-FR","@id":"https://www.imagesante.be/fr/evenement/soiree-cycle/#primaryimage","url":"https://www.imagesante.be/wp-content/uploads/2026/02/Muganga.jpg","contentUrl":"https://www.imagesante.be/wp-content/uploads/2026/02/Muganga.jpg","width":1000,"height":1362},{"@type":"BreadcrumbList","@id":"https://www.imagesante.be/fr/evenement/soiree-cycle/#breadcrumb","itemListElement":[{"@type":"ListItem","position":1,"name":"Accueil","item":"https://www.imagesante.be/fr/"},{"@type":"ListItem","position":2,"name":"Soirée Cycle"}]},{"@type":"WebSite","@id":"https://www.imagesante.be/fr/#website","url":"https://www.imagesante.be/fr/","name":"Festival Imagésanté","description":"","publisher":{"@id":"https://www.imagesante.be/fr/#organization"},"potentialAction":[{"@type":"SearchAction","target":{"@type":"EntryPoint","urlTemplate":"https://www.imagesante.be/fr/?s={search_term_string}"},"query-input":{"@type":"PropertyValueSpecification","valueRequired":true,"valueName":"search_term_string"}}],"inLanguage":"fr-FR"},{"@type":"Organization","@id":"https://www.imagesante.be/fr/#organization","name":"ImagéSanté","url":"https://www.imagesante.be/fr/","logo":{"@type":"ImageObject","inLanguage":"fr-FR","@id":"https://www.imagesante.be/fr/#/schema/logo/image/","url":"https://www.imagesante.be/wp-content/uploads/2019/06/Festival-positif-carre.jpg","contentUrl":"https://www.imagesante.be/wp-content/uploads/2019/06/Festival-positif-carre.jpg","width":498,"height":498,"caption":"ImagéSanté"},"image":{"@id":"https://www.imagesante.be/fr/#/schema/logo/image/"}}]}</script>
<!-- / Yoast SEO plugin. -->

Soirée Cycle - Festival Imagésanté

Festival Imagésanté

ImagéSanté
